{"id":2,"date":"2023-10-04T19:08:51","date_gmt":"2023-10-04T19:08:51","guid":{"rendered":"https:\/\/rtmk.fi\/?page_id=2"},"modified":"2026-02-22T15:08:34","modified_gmt":"2026-02-22T15:08:34","slug":"etusivu","status":"publish","type":"page","link":"https:\/\/revontultenmaanklapi.fi\/","title":{"rendered":"Etusivu"},"content":{"rendered":"\n<div class=\"wp-block-group\"><div class=\"wp-block-group__inner-container is-layout-constrained wp-block-group-is-layout-constrained\">\n<h1 class=\"wp-block-heading has-text-align-center has-extra-large-font-size\"><strong>POLTTOPUU<\/strong><\/h1>\n\n\n\n<h2 class=\"wp-block-heading has-text-align-center\"><strong> Ivalo<\/strong><\/h2>\n\n\n\n<h2 class=\"wp-block-heading has-text-align-center has-large-font-size\"><strong>Laadukkaat polttopuut suoraan kotiisi<\/strong><\/h2>\n\n\n\n<p class=\"has-text-align-center\">Etsitk\u00f6 luotettavaa polttopuun toimittajaa Ivalossa? Meilt\u00e4 saat kuivaa, k\u00e4ytt\u00f6valmista polttopuuta suoraan Lapin syd\u00e4mest\u00e4. Valmistamme polttopuut itse, paikallisesta puusta, ja takaamme nopean toimituksen Ivalon, Inarin, Saarisel\u00e4n ja Utsjoen alueella.<\/p>\n\n\n\n<p class=\"has-text-align-center\">Olipa tarpeesi sitten takkapuu, saunapuu tai polttopuu m\u00f6kille, meilt\u00e4 l\u00f6yd\u00e4t sopivan ratkaisun. Tarjoamme koivuklapia, sekapuuta ja mittatilauspolttopuuta ymp\u00e4ri vuoden \u2013 niin yksityisille asiakkaille kuin yrityksille.<\/p>\n\n\n\n<p class=\"has-text-align-center\"><a href=\"https:\/\/rtmk.fi\/index.php\/tilaa\/\">Tilaa<\/a> helposti verkossa tai ota yhteytt\u00e4 \u2013 Revontultenmaan Klapi tarjoaa polttopuita Ivalossa ja koko Yl\u00e4-Lapissa. &nbsp;Meilt\u00e4 saat l\u00e4mmint\u00e4 palvelua ja varmaa laatua!<\/p>\n<\/div><\/div>\n\n\n\n<div class=\"wp-block-group has-black-background-color has-background\"><div class=\"wp-block-group__inner-container is-layout-constrained wp-block-group-is-layout-constrained\">\n<div class=\"wp-block-columns is-style-default is-layout-flex wp-container-core-columns-is-layout-ed5226f6 wp-block-columns-is-layout-flex\" style=\"padding-right:0;padding-left:0\">\n<div class=\"wp-block-column is-layout-flow wp-block-column-is-layout-flow\">\n<h2 class=\"wp-block-heading has-text-align-center\">Koivuklapi-s\u00e4kki 40l<\/h2>\n\n\n\n<p class=\"has-text-align-center has-normal-font-size\">Toimitettuna<\/p>\n\n\n\n<p class=\"has-text-align-center\">Ivalo, Inari ja Utsjoki, Saariselk\u00e4 alueilla<\/p>\n\n\n\n<p class=\"has-text-align-center\" style=\"font-size:71px\"><strong>9,50\u20ac<\/strong><\/p>\n<\/div>\n\n\n\n<div class=\"wp-block-column is-layout-flow wp-block-column-is-layout-flow\">\n<figure class=\"wp-block-image size-full is-resized\"><img loading=\"lazy\" decoding=\"async\" width=\"706\" height=\"806\" src=\"https:\/\/rtmk.fi\/wp-content\/uploads\/2023\/10\/Klapi-1.jpg\" alt=\"\" class=\"wp-image-41\" style=\"width:256px;height:291px\" srcset=\"https:\/\/revontultenmaanklapi.fi\/wp-content\/uploads\/2023\/10\/Klapi-1.jpg 706w, https:\/\/revontultenmaanklapi.fi\/wp-content\/uploads\/2023\/10\/Klapi-1-600x685.jpg 600w, https:\/\/revontultenmaanklapi.fi\/wp-content\/uploads\/2023\/10\/Klapi-1-263x300.jpg 263w\" sizes=\"auto, (max-width: 706px) 100vw, 706px\" \/><\/figure>\n\n\n\n<div class=\"wp-block-group\"><div class=\"wp-block-group__inner-container is-layout-constrained wp-block-group-is-layout-constrained\">\n<p class=\"has-text-align-center\">Puh. 040 684 2320<\/p>\n<\/div><\/div>\n\n\n\n<p class=\"has-text-align-center has-extra-small-font-size\">Maksu toimituksen yhteydess\u00e4 kortilla tai k\u00e4teisell\u00e4<\/p>\n<\/div>\n<\/div>\n<\/div><\/div>\n","protected":false},"excerpt":{"rendered":"<p>POLTTOPUU Ivalo Laadukkaat polttopuut suoraan kotiisi Etsitk\u00f6 luotettavaa polttopuun toimittajaa Ivalossa? Meilt\u00e4 saat kuivaa, k\u00e4ytt\u00f6valmista polttopuuta suoraan Lapin syd\u00e4mest\u00e4. Valmistamme polttopuut itse, paikallisesta puusta, ja takaamme nopean toimituksen Ivalon, Inarin, Saarisel\u00e4n ja Utsjoen alueella. Olipa tarpeesi sitten takkapuu, saunapuu tai polttopuu m\u00f6kille, meilt\u00e4 l\u00f6yd\u00e4t sopivan ratkaisun. Tarjoamme koivuklapia, sekapuuta ja mittatilauspolttopuuta ymp\u00e4ri vuoden \u2013 niin&hellip; <a class=\"more-link\" href=\"https:\/\/revontultenmaanklapi.fi\/\">Jatka lukemista <span class=\"screen-reader-text\">Etusivu<\/span><\/a><\/p>\n","protected":false},"author":1,"featured_media":0,"parent":0,"menu_order":0,"comment_status":"closed","ping_status":"open","template":"","meta":{"footnotes":""},"class_list":["post-2","page","type-page","status-publish","hentry","entry"],"yoast_head":"<!-- This site is optimized with the Yoast SEO plugin v27.5 - https:\/\/yoast.com\/product\/yoast-seo-wordpress\/ -->\n<title>Etusivu -<\/title>\n<meta name=\"description\" content=\"Laadukasta polttopuuta Ivalossa \u2013 koivuklapia, sekapuuta ja saunapuuta nopealla toimituksella. Tilaa polttopuu helposti verkosta tai soita!\" \/>\n<meta name=\"robots\" content=\"index, follow, max-snippet:-1, max-image-preview:large, max-video-preview:-1\" \/>\n<link rel=\"canonical\" href=\"https:\/\/revontultenmaanklapi.fi\/\" \/>\n<meta property=\"og:locale\" content=\"fi_FI\" \/>\n<meta property=\"og:type\" content=\"article\" \/>\n<meta property=\"og:title\" content=\"Etusivu -\" \/>\n<meta property=\"og:description\" content=\"Laadukasta polttopuuta Ivalossa \u2013 koivuklapia, sekapuuta ja saunapuuta nopealla toimituksella. Tilaa polttopuu helposti verkosta tai soita!\" \/>\n<meta property=\"og:url\" content=\"https:\/\/revontultenmaanklapi.fi\/\" \/>\n<meta property=\"article:publisher\" content=\"https:\/\/www.facebook.com\/profile.php?id=100092499985640\" \/>\n<meta property=\"article:modified_time\" content=\"2026-02-22T15:08:34+00:00\" \/>\n<meta property=\"og:image\" content=\"https:\/\/revontultenmaanklapi.fi\/wp-content\/uploads\/2023\/10\/Klapi-1.jpg\" \/>\n\t<meta property=\"og:image:width\" content=\"706\" \/>\n\t<meta property=\"og:image:height\" content=\"806\" \/>\n\t<meta property=\"og:image:type\" content=\"image\/jpeg\" \/>\n<meta name=\"twitter:card\" content=\"summary_large_image\" \/>\n<meta name=\"twitter:label1\" content=\"Arvioitu lukuaika\" \/>\n\t<meta name=\"twitter:data1\" content=\"1 minuutti\" \/>\n<script type=\"application\/ld+json\" class=\"yoast-schema-graph\">{\"@context\":\"https:\\\/\\\/schema.org\",\"@graph\":[{\"@type\":\"WebPage\",\"@id\":\"https:\\\/\\\/revontultenmaanklapi.fi\\\/\",\"url\":\"https:\\\/\\\/revontultenmaanklapi.fi\\\/\",\"name\":\"Etusivu -\",\"isPartOf\":{\"@id\":\"https:\\\/\\\/revontultenmaanklapi.fi\\\/#website\"},\"primaryImageOfPage\":{\"@id\":\"https:\\\/\\\/revontultenmaanklapi.fi\\\/#primaryimage\"},\"image\":{\"@id\":\"https:\\\/\\\/revontultenmaanklapi.fi\\\/#primaryimage\"},\"thumbnailUrl\":\"https:\\\/\\\/rtmk.fi\\\/wp-content\\\/uploads\\\/2023\\\/10\\\/Klapi-1.jpg\",\"datePublished\":\"2023-10-04T19:08:51+00:00\",\"dateModified\":\"2026-02-22T15:08:34+00:00\",\"description\":\"Laadukasta polttopuuta Ivalossa \u2013 koivuklapia, sekapuuta ja saunapuuta nopealla toimituksella. Tilaa polttopuu helposti verkosta tai soita!\",\"breadcrumb\":{\"@id\":\"https:\\\/\\\/revontultenmaanklapi.fi\\\/#breadcrumb\"},\"inLanguage\":\"fi\",\"potentialAction\":[{\"@type\":\"ReadAction\",\"target\":[\"https:\\\/\\\/revontultenmaanklapi.fi\\\/\"]}]},{\"@type\":\"ImageObject\",\"inLanguage\":\"fi\",\"@id\":\"https:\\\/\\\/revontultenmaanklapi.fi\\\/#primaryimage\",\"url\":\"https:\\\/\\\/rtmk.fi\\\/wp-content\\\/uploads\\\/2023\\\/10\\\/Klapi-1.jpg\",\"contentUrl\":\"https:\\\/\\\/rtmk.fi\\\/wp-content\\\/uploads\\\/2023\\\/10\\\/Klapi-1.jpg\"},{\"@type\":\"BreadcrumbList\",\"@id\":\"https:\\\/\\\/revontultenmaanklapi.fi\\\/#breadcrumb\",\"itemListElement\":[{\"@type\":\"ListItem\",\"position\":1,\"name\":\"Etusivu\",\"item\":\"https:\\\/\\\/revontultenmaanklapi.fi\\\/\"},{\"@type\":\"ListItem\",\"position\":2,\"name\":\"Etusivu\"}]},{\"@type\":\"WebSite\",\"@id\":\"https:\\\/\\\/revontultenmaanklapi.fi\\\/#website\",\"url\":\"https:\\\/\\\/revontultenmaanklapi.fi\\\/\",\"name\":\"\",\"description\":\"\",\"publisher\":{\"@id\":\"https:\\\/\\\/revontultenmaanklapi.fi\\\/#organization\"},\"potentialAction\":[{\"@type\":\"SearchAction\",\"target\":{\"@type\":\"EntryPoint\",\"urlTemplate\":\"https:\\\/\\\/revontultenmaanklapi.fi\\\/?s={search_term_string}\"},\"query-input\":{\"@type\":\"PropertyValueSpecification\",\"valueRequired\":true,\"valueName\":\"search_term_string\"}}],\"inLanguage\":\"fi\"},{\"@type\":\"Organization\",\"@id\":\"https:\\\/\\\/revontultenmaanklapi.fi\\\/#organization\",\"name\":\"Revontultenmaan klapi\",\"alternateName\":\"RTMK\",\"url\":\"https:\\\/\\\/revontultenmaanklapi.fi\\\/\",\"logo\":{\"@type\":\"ImageObject\",\"inLanguage\":\"fi\",\"@id\":\"https:\\\/\\\/revontultenmaanklapi.fi\\\/#\\\/schema\\\/logo\\\/image\\\/\",\"url\":\"https:\\\/\\\/revontultenmaanklapi.fi\\\/wp-content\\\/uploads\\\/2023\\\/10\\\/cropped-RTMK-01-2.jpg\",\"contentUrl\":\"https:\\\/\\\/revontultenmaanklapi.fi\\\/wp-content\\\/uploads\\\/2023\\\/10\\\/cropped-RTMK-01-2.jpg\",\"width\":283,\"height\":250,\"caption\":\"Revontultenmaan klapi\"},\"image\":{\"@id\":\"https:\\\/\\\/revontultenmaanklapi.fi\\\/#\\\/schema\\\/logo\\\/image\\\/\"},\"sameAs\":[\"https:\\\/\\\/www.facebook.com\\\/profile.php?id=100092499985640\"]}]}<\/script>\n<!-- \/ Yoast SEO plugin. -->","yoast_head_json":{"title":"Etusivu -","description":"Laadukasta polttopuuta Ivalossa \u2013 koivuklapia, sekapuuta ja saunapuuta nopealla toimituksella. Tilaa polttopuu helposti verkosta tai soita!","robots":{"index":"index","follow":"follow","max-snippet":"max-snippet:-1","max-image-preview":"max-image-preview:large","max-video-preview":"max-video-preview:-1"},"canonical":"https:\/\/revontultenmaanklapi.fi\/","og_locale":"fi_FI","og_type":"article","og_title":"Etusivu -","og_description":"Laadukasta polttopuuta Ivalossa \u2013 koivuklapia, sekapuuta ja saunapuuta nopealla toimituksella. Tilaa polttopuu helposti verkosta tai soita!","og_url":"https:\/\/revontultenmaanklapi.fi\/","article_publisher":"https:\/\/www.facebook.com\/profile.php?id=100092499985640","article_modified_time":"2026-02-22T15:08:34+00:00","og_image":[{"width":706,"height":806,"url":"https:\/\/revontultenmaanklapi.fi\/wp-content\/uploads\/2023\/10\/Klapi-1.jpg","type":"image\/jpeg"}],"twitter_card":"summary_large_image","twitter_misc":{"Arvioitu lukuaika":"1 minuutti"},"schema":{"@context":"https:\/\/schema.org","@graph":[{"@type":"WebPage","@id":"https:\/\/revontultenmaanklapi.fi\/","url":"https:\/\/revontultenmaanklapi.fi\/","name":"Etusivu -","isPartOf":{"@id":"https:\/\/revontultenmaanklapi.fi\/#website"},"primaryImageOfPage":{"@id":"https:\/\/revontultenmaanklapi.fi\/#primaryimage"},"image":{"@id":"https:\/\/revontultenmaanklapi.fi\/#primaryimage"},"thumbnailUrl":"https:\/\/rtmk.fi\/wp-content\/uploads\/2023\/10\/Klapi-1.jpg","datePublished":"2023-10-04T19:08:51+00:00","dateModified":"2026-02-22T15:08:34+00:00","description":"Laadukasta polttopuuta Ivalossa \u2013 koivuklapia, sekapuuta ja saunapuuta nopealla toimituksella. Tilaa polttopuu helposti verkosta tai soita!","breadcrumb":{"@id":"https:\/\/revontultenmaanklapi.fi\/#breadcrumb"},"inLanguage":"fi","potentialAction":[{"@type":"ReadAction","target":["https:\/\/revontultenmaanklapi.fi\/"]}]},{"@type":"ImageObject","inLanguage":"fi","@id":"https:\/\/revontultenmaanklapi.fi\/#primaryimage","url":"https:\/\/rtmk.fi\/wp-content\/uploads\/2023\/10\/Klapi-1.jpg","contentUrl":"https:\/\/rtmk.fi\/wp-content\/uploads\/2023\/10\/Klapi-1.jpg"},{"@type":"BreadcrumbList","@id":"https:\/\/revontultenmaanklapi.fi\/#breadcrumb","itemListElement":[{"@type":"ListItem","position":1,"name":"Etusivu","item":"https:\/\/revontultenmaanklapi.fi\/"},{"@type":"ListItem","position":2,"name":"Etusivu"}]},{"@type":"WebSite","@id":"https:\/\/revontultenmaanklapi.fi\/#website","url":"https:\/\/revontultenmaanklapi.fi\/","name":"","description":"","publisher":{"@id":"https:\/\/revontultenmaanklapi.fi\/#organization"},"potentialAction":[{"@type":"SearchAction","target":{"@type":"EntryPoint","urlTemplate":"https:\/\/revontultenmaanklapi.fi\/?s={search_term_string}"},"query-input":{"@type":"PropertyValueSpecification","valueRequired":true,"valueName":"search_term_string"}}],"inLanguage":"fi"},{"@type":"Organization","@id":"https:\/\/revontultenmaanklapi.fi\/#organization","name":"Revontultenmaan klapi","alternateName":"RTMK","url":"https:\/\/revontultenmaanklapi.fi\/","logo":{"@type":"ImageObject","inLanguage":"fi","@id":"https:\/\/revontultenmaanklapi.fi\/#\/schema\/logo\/image\/","url":"https:\/\/revontultenmaanklapi.fi\/wp-content\/uploads\/2023\/10\/cropped-RTMK-01-2.jpg","contentUrl":"https:\/\/revontultenmaanklapi.fi\/wp-content\/uploads\/2023\/10\/cropped-RTMK-01-2.jpg","width":283,"height":250,"caption":"Revontultenmaan klapi"},"image":{"@id":"https:\/\/revontultenmaanklapi.fi\/#\/schema\/logo\/image\/"},"sameAs":["https:\/\/www.facebook.com\/profile.php?id=100092499985640"]}]}},"_links":{"self":[{"href":"https:\/\/revontultenmaanklapi.fi\/index.php\/wp-json\/wp\/v2\/pages\/2","targetHints":{"allow":["GET"]}}],"collection":[{"href":"https:\/\/revontultenmaanklapi.fi\/index.php\/wp-json\/wp\/v2\/pages"}],"about":[{"href":"https:\/\/revontultenmaanklapi.fi\/index.php\/wp-json\/wp\/v2\/types\/page"}],"author":[{"embeddable":true,"href":"https:\/\/revontultenmaanklapi.fi\/index.php\/wp-json\/wp\/v2\/users\/1"}],"replies":[{"embeddable":true,"href":"https:\/\/revontultenmaanklapi.fi\/index.php\/wp-json\/wp\/v2\/comments?post=2"}],"version-history":[{"count":39,"href":"https:\/\/revontultenmaanklapi.fi\/index.php\/wp-json\/wp\/v2\/pages\/2\/revisions"}],"predecessor-version":[{"id":177,"href":"https:\/\/revontultenmaanklapi.fi\/index.php\/wp-json\/wp\/v2\/pages\/2\/revisions\/177"}],"wp:attachment":[{"href":"https:\/\/revontultenmaanklapi.fi\/index.php\/wp-json\/wp\/v2\/media?parent=2"}],"curies":[{"name":"wp","href":"https:\/\/api.w.org\/{rel}","templated":true}]}}