{"id":146,"date":"2025-05-24T08:05:41","date_gmt":"2025-05-24T08:05:41","guid":{"rendered":"https:\/\/rtmk.fi\/?page_id=146"},"modified":"2026-01-05T22:41:33","modified_gmt":"2026-01-05T22:41:33","slug":"tilaa","status":"publish","type":"page","link":"https:\/\/revontultenmaanklapi.fi\/index.php\/tilaa\/","title":{"rendered":"Tilaa polttopuut"},"content":{"rendered":"\n<div class=\"wp-block-group\"><div class=\"wp-block-group__inner-container is-layout-constrained wp-block-group-is-layout-constrained\">\n<p class=\"has-text-align-center\">Laadukasta polttopuuta, koivuklapia, sekapuuta ja saunapuuta nopealla toimituksella. <\/p>\n\n\n\n<p class=\"has-text-align-center\">Tilaa polttopuu helposti verkosta tai soita!<\/p>\n\n\n\n<p class=\"has-text-align-center\">Toimitus Ivalo, Inari, Utsjoki ja Saariselk\u00e4 alueilla<\/p>\n<\/div><\/div>\n\n\n\n<div style=\"height:25px\" aria-hidden=\"true\" class=\"wp-block-spacer\"><\/div>\n\n\n\n<div class=\"wp-block-columns is-layout-flex wp-container-core-columns-is-layout-9d6595d7 wp-block-columns-is-layout-flex\">\n<div class=\"wp-block-column is-layout-flow wp-block-column-is-layout-flow\" style=\"flex-basis:66.66%\">\n<figure class=\"wp-block-image size-large is-resized\"><img loading=\"lazy\" decoding=\"async\" width=\"1024\" height=\"768\" src=\"https:\/\/rtmk.fi\/wp-content\/uploads\/2023\/10\/20230823_183134-1024x768.jpg\" alt=\"\" class=\"wp-image-23\" style=\"width:356px;height:268px\" srcset=\"https:\/\/revontultenmaanklapi.fi\/wp-content\/uploads\/2023\/10\/20230823_183134-1024x768.jpg 1024w, https:\/\/revontultenmaanklapi.fi\/wp-content\/uploads\/2023\/10\/20230823_183134-600x450.jpg 600w, https:\/\/revontultenmaanklapi.fi\/wp-content\/uploads\/2023\/10\/20230823_183134-300x225.jpg 300w, https:\/\/revontultenmaanklapi.fi\/wp-content\/uploads\/2023\/10\/20230823_183134-768x576.jpg 768w, https:\/\/revontultenmaanklapi.fi\/wp-content\/uploads\/2023\/10\/20230823_183134-1536x1152.jpg 1536w, https:\/\/revontultenmaanklapi.fi\/wp-content\/uploads\/2023\/10\/20230823_183134.jpg 2016w\" sizes=\"auto, (max-width: 1024px) 100vw, 1024px\" \/><\/figure>\n<\/div>\n\n\n\n<div class=\"wp-block-column is-layout-flow wp-block-column-is-layout-flow\" style=\"flex-basis:50%\">\n<p class=\"has-text-align-center\">Pyyd\u00e4 tarjous l\u00e4hett\u00e4m\u00e4ll\u00e4 viesti tai soita 040 684 2320<\/p>\n\n\n<div class=\"aligncenter wp-block-site-logo\"><a href=\"https:\/\/revontultenmaanklapi.fi\/\" class=\"custom-logo-link\" rel=\"home\"><img loading=\"lazy\" decoding=\"async\" width=\"189\" height=\"166\" src=\"https:\/\/revontultenmaanklapi.fi\/wp-content\/uploads\/2023\/10\/cropped-RTMK-01-2.jpg\" class=\"custom-logo\" alt=\"\" \/><\/a><\/div><\/div>\n<\/div>\n\n\n\n<p class=\"has-text-align-center\"><strong>Tilauksen maksaminen onnistuu toimituksen yhteydess\u00e4 k\u00e4teisell\u00e4 tai kortilla<\/strong><\/p>\n\n\n\n<div style=\"height:35px\" aria-hidden=\"true\" class=\"wp-block-spacer\"><\/div>\n\n\n\n<div class=\"wp-block-contact-form-7-contact-form-selector\">\n<div class=\"wpcf7 no-js\" id=\"wpcf7-f31-o1\" lang=\"fi\" dir=\"ltr\" data-wpcf7-id=\"31\">\n<div class=\"screen-reader-response\"><p role=\"status\" aria-live=\"polite\" aria-atomic=\"true\"><\/p> <ul><\/ul><\/div>\n<form action=\"\/index.php\/wp-json\/wp\/v2\/pages\/146#wpcf7-f31-o1\" method=\"post\" class=\"wpcf7-form init\" aria-label=\"Yhteydenottolomake\" novalidate=\"novalidate\" data-status=\"init\">\n<fieldset class=\"hidden-fields-container\"><input type=\"hidden\" name=\"_wpcf7\" value=\"31\" \/><input type=\"hidden\" name=\"_wpcf7_version\" value=\"6.1.5\" \/><input type=\"hidden\" name=\"_wpcf7_locale\" value=\"fi\" \/><input type=\"hidden\" name=\"_wpcf7_unit_tag\" value=\"wpcf7-f31-o1\" \/><input type=\"hidden\" name=\"_wpcf7_container_post\" value=\"0\" \/><input type=\"hidden\" name=\"_wpcf7_posted_data_hash\" value=\"\" \/>\n<\/fieldset>\n<p><label> Kysyn tarjousta klapis\u00e4kkim\u00e4\u00e4r\u00e4st\u00e4:<br \/>\n<span class=\"wpcf7-form-control-wrap\" data-name=\"number-235\"><input class=\"wpcf7-form-control wpcf7-number wpcf7-validates-as-number\" min=\"1\" max=\"2000\" aria-invalid=\"false\" value=\"\" type=\"number\" name=\"number-235\" \/><\/span> <\/label>\n<\/p>\n<p><label> <\/label>\n<\/p>\n<p><label> Haluan ett\u00e4 minuun otetaan yhteytt\u00e4 s\u00e4hk\u00f6postitse:<br \/>\n<span class=\"wpcf7-form-control-wrap\" data-name=\"email-4\"><input size=\"40\" maxlength=\"400\" class=\"wpcf7-form-control wpcf7-email wpcf7-text wpcf7-validates-as-email\" autocomplete=\"email\" aria-invalid=\"false\" value=\"\" type=\"email\" name=\"email-4\" \/><\/span> <\/label>\n<\/p>\n<p><label> <\/label>\n<\/p>\n<p><label> Haluan ett\u00e4 minuun otetaan yhteytt\u00e4 puhelimitse:<br \/>\n<span class=\"wpcf7-form-control-wrap\" data-name=\"tel-875\"><input size=\"40\" maxlength=\"400\" class=\"wpcf7-form-control wpcf7-tel wpcf7-text wpcf7-validates-as-tel\" aria-invalid=\"false\" value=\"\" type=\"tel\" name=\"tel-875\" \/><\/span> <\/label>\n<\/p>\n<p><label> <\/label><br \/>\n<input class=\"wpcf7-form-control wpcf7-submit has-spinner\" type=\"submit\" value=\"L\u00e4het\u00e4\" \/>\n<\/p><div class=\"wpcf7-response-output\" aria-hidden=\"true\"><\/div>\n<\/form>\n<\/div>\n<\/div>\n","protected":false},"excerpt":{"rendered":"<p>Laadukasta polttopuuta, koivuklapia, sekapuuta ja saunapuuta nopealla toimituksella. Tilaa polttopuu helposti verkosta tai soita! Toimitus Ivalo, Inari, Utsjoki ja Saariselk\u00e4 alueilla Pyyd\u00e4 tarjous l\u00e4hett\u00e4m\u00e4ll\u00e4 viesti tai soita 040 684 2320 Tilauksen maksaminen onnistuu toimituksen yhteydess\u00e4 k\u00e4teisell\u00e4 tai kortilla<\/p>\n","protected":false},"author":1,"featured_media":0,"parent":0,"menu_order":0,"comment_status":"closed","ping_status":"closed","template":"","meta":{"footnotes":""},"class_list":["post-146","page","type-page","status-publish","hentry","entry"],"yoast_head":"<!-- This site is optimized with the Yoast SEO plugin v27.5 - https:\/\/yoast.com\/product\/yoast-seo-wordpress\/ -->\n<title>Tilaa polttopuut -<\/title>\n<meta name=\"description\" content=\"Laadukasta polttopuuta Ivalossa \u2013 koivuklapia, sekapuuta ja saunapuuta nopealla toimituksella. Tilaa polttopuu helposti verkosta tai soita!\" \/>\n<meta name=\"robots\" content=\"index, follow, max-snippet:-1, max-image-preview:large, max-video-preview:-1\" \/>\n<link rel=\"canonical\" href=\"https:\/\/revontultenmaanklapi.fi\/index.php\/tilaa\/\" \/>\n<meta property=\"og:locale\" content=\"fi_FI\" \/>\n<meta property=\"og:type\" content=\"article\" \/>\n<meta property=\"og:title\" content=\"Tilaa polttopuut -\" \/>\n<meta property=\"og:description\" content=\"Laadukasta polttopuuta Ivalossa \u2013 koivuklapia, sekapuuta ja saunapuuta nopealla toimituksella. Tilaa polttopuu helposti verkosta tai soita!\" \/>\n<meta property=\"og:url\" content=\"https:\/\/revontultenmaanklapi.fi\/index.php\/tilaa\/\" \/>\n<meta property=\"article:publisher\" content=\"https:\/\/www.facebook.com\/profile.php?id=100092499985640\" \/>\n<meta property=\"article:modified_time\" content=\"2026-01-05T22:41:33+00:00\" \/>\n<meta property=\"og:image\" content=\"https:\/\/revontultenmaanklapi.fi\/wp-content\/uploads\/2023\/10\/20230823_183134.jpg\" \/>\n\t<meta property=\"og:image:width\" content=\"2016\" \/>\n\t<meta property=\"og:image:height\" content=\"1512\" \/>\n\t<meta property=\"og:image:type\" content=\"image\/jpeg\" \/>\n<meta name=\"twitter:card\" content=\"summary_large_image\" \/>\n<meta name=\"twitter:label1\" content=\"Arvioitu lukuaika\" \/>\n\t<meta name=\"twitter:data1\" content=\"1 minuutti\" \/>\n<script type=\"application\/ld+json\" class=\"yoast-schema-graph\">{\"@context\":\"https:\\\/\\\/schema.org\",\"@graph\":[{\"@type\":\"WebPage\",\"@id\":\"https:\\\/\\\/revontultenmaanklapi.fi\\\/index.php\\\/tilaa\\\/\",\"url\":\"https:\\\/\\\/revontultenmaanklapi.fi\\\/index.php\\\/tilaa\\\/\",\"name\":\"Tilaa polttopuut -\",\"isPartOf\":{\"@id\":\"https:\\\/\\\/revontultenmaanklapi.fi\\\/#website\"},\"primaryImageOfPage\":{\"@id\":\"https:\\\/\\\/revontultenmaanklapi.fi\\\/index.php\\\/tilaa\\\/#primaryimage\"},\"image\":{\"@id\":\"https:\\\/\\\/revontultenmaanklapi.fi\\\/index.php\\\/tilaa\\\/#primaryimage\"},\"thumbnailUrl\":\"https:\\\/\\\/rtmk.fi\\\/wp-content\\\/uploads\\\/2023\\\/10\\\/20230823_183134-1024x768.jpg\",\"datePublished\":\"2025-05-24T08:05:41+00:00\",\"dateModified\":\"2026-01-05T22:41:33+00:00\",\"description\":\"Laadukasta polttopuuta Ivalossa \u2013 koivuklapia, sekapuuta ja saunapuuta nopealla toimituksella. Tilaa polttopuu helposti verkosta tai soita!\",\"breadcrumb\":{\"@id\":\"https:\\\/\\\/revontultenmaanklapi.fi\\\/index.php\\\/tilaa\\\/#breadcrumb\"},\"inLanguage\":\"fi\",\"potentialAction\":[{\"@type\":\"ReadAction\",\"target\":[\"https:\\\/\\\/revontultenmaanklapi.fi\\\/index.php\\\/tilaa\\\/\"]}]},{\"@type\":\"ImageObject\",\"inLanguage\":\"fi\",\"@id\":\"https:\\\/\\\/revontultenmaanklapi.fi\\\/index.php\\\/tilaa\\\/#primaryimage\",\"url\":\"https:\\\/\\\/rtmk.fi\\\/wp-content\\\/uploads\\\/2023\\\/10\\\/20230823_183134-1024x768.jpg\",\"contentUrl\":\"https:\\\/\\\/rtmk.fi\\\/wp-content\\\/uploads\\\/2023\\\/10\\\/20230823_183134-1024x768.jpg\"},{\"@type\":\"BreadcrumbList\",\"@id\":\"https:\\\/\\\/revontultenmaanklapi.fi\\\/index.php\\\/tilaa\\\/#breadcrumb\",\"itemListElement\":[{\"@type\":\"ListItem\",\"position\":1,\"name\":\"Etusivu\",\"item\":\"https:\\\/\\\/revontultenmaanklapi.fi\\\/\"},{\"@type\":\"ListItem\",\"position\":2,\"name\":\"Tilaa polttopuut\"}]},{\"@type\":\"WebSite\",\"@id\":\"https:\\\/\\\/revontultenmaanklapi.fi\\\/#website\",\"url\":\"https:\\\/\\\/revontultenmaanklapi.fi\\\/\",\"name\":\"\",\"description\":\"\",\"publisher\":{\"@id\":\"https:\\\/\\\/revontultenmaanklapi.fi\\\/#organization\"},\"potentialAction\":[{\"@type\":\"SearchAction\",\"target\":{\"@type\":\"EntryPoint\",\"urlTemplate\":\"https:\\\/\\\/revontultenmaanklapi.fi\\\/?s={search_term_string}\"},\"query-input\":{\"@type\":\"PropertyValueSpecification\",\"valueRequired\":true,\"valueName\":\"search_term_string\"}}],\"inLanguage\":\"fi\"},{\"@type\":\"Organization\",\"@id\":\"https:\\\/\\\/revontultenmaanklapi.fi\\\/#organization\",\"name\":\"Revontultenmaan klapi\",\"alternateName\":\"RTMK\",\"url\":\"https:\\\/\\\/revontultenmaanklapi.fi\\\/\",\"logo\":{\"@type\":\"ImageObject\",\"inLanguage\":\"fi\",\"@id\":\"https:\\\/\\\/revontultenmaanklapi.fi\\\/#\\\/schema\\\/logo\\\/image\\\/\",\"url\":\"https:\\\/\\\/revontultenmaanklapi.fi\\\/wp-content\\\/uploads\\\/2023\\\/10\\\/cropped-RTMK-01-2.jpg\",\"contentUrl\":\"https:\\\/\\\/revontultenmaanklapi.fi\\\/wp-content\\\/uploads\\\/2023\\\/10\\\/cropped-RTMK-01-2.jpg\",\"width\":283,\"height\":250,\"caption\":\"Revontultenmaan klapi\"},\"image\":{\"@id\":\"https:\\\/\\\/revontultenmaanklapi.fi\\\/#\\\/schema\\\/logo\\\/image\\\/\"},\"sameAs\":[\"https:\\\/\\\/www.facebook.com\\\/profile.php?id=100092499985640\"]}]}<\/script>\n<!-- \/ Yoast SEO plugin. -->","yoast_head_json":{"title":"Tilaa polttopuut -","description":"Laadukasta polttopuuta Ivalossa \u2013 koivuklapia, sekapuuta ja saunapuuta nopealla toimituksella. Tilaa polttopuu helposti verkosta tai soita!","robots":{"index":"index","follow":"follow","max-snippet":"max-snippet:-1","max-image-preview":"max-image-preview:large","max-video-preview":"max-video-preview:-1"},"canonical":"https:\/\/revontultenmaanklapi.fi\/index.php\/tilaa\/","og_locale":"fi_FI","og_type":"article","og_title":"Tilaa polttopuut -","og_description":"Laadukasta polttopuuta Ivalossa \u2013 koivuklapia, sekapuuta ja saunapuuta nopealla toimituksella. Tilaa polttopuu helposti verkosta tai soita!","og_url":"https:\/\/revontultenmaanklapi.fi\/index.php\/tilaa\/","article_publisher":"https:\/\/www.facebook.com\/profile.php?id=100092499985640","article_modified_time":"2026-01-05T22:41:33+00:00","og_image":[{"width":2016,"height":1512,"url":"https:\/\/revontultenmaanklapi.fi\/wp-content\/uploads\/2023\/10\/20230823_183134.jpg","type":"image\/jpeg"}],"twitter_card":"summary_large_image","twitter_misc":{"Arvioitu lukuaika":"1 minuutti"},"schema":{"@context":"https:\/\/schema.org","@graph":[{"@type":"WebPage","@id":"https:\/\/revontultenmaanklapi.fi\/index.php\/tilaa\/","url":"https:\/\/revontultenmaanklapi.fi\/index.php\/tilaa\/","name":"Tilaa polttopuut -","isPartOf":{"@id":"https:\/\/revontultenmaanklapi.fi\/#website"},"primaryImageOfPage":{"@id":"https:\/\/revontultenmaanklapi.fi\/index.php\/tilaa\/#primaryimage"},"image":{"@id":"https:\/\/revontultenmaanklapi.fi\/index.php\/tilaa\/#primaryimage"},"thumbnailUrl":"https:\/\/rtmk.fi\/wp-content\/uploads\/2023\/10\/20230823_183134-1024x768.jpg","datePublished":"2025-05-24T08:05:41+00:00","dateModified":"2026-01-05T22:41:33+00:00","description":"Laadukasta polttopuuta Ivalossa \u2013 koivuklapia, sekapuuta ja saunapuuta nopealla toimituksella. Tilaa polttopuu helposti verkosta tai soita!","breadcrumb":{"@id":"https:\/\/revontultenmaanklapi.fi\/index.php\/tilaa\/#breadcrumb"},"inLanguage":"fi","potentialAction":[{"@type":"ReadAction","target":["https:\/\/revontultenmaanklapi.fi\/index.php\/tilaa\/"]}]},{"@type":"ImageObject","inLanguage":"fi","@id":"https:\/\/revontultenmaanklapi.fi\/index.php\/tilaa\/#primaryimage","url":"https:\/\/rtmk.fi\/wp-content\/uploads\/2023\/10\/20230823_183134-1024x768.jpg","contentUrl":"https:\/\/rtmk.fi\/wp-content\/uploads\/2023\/10\/20230823_183134-1024x768.jpg"},{"@type":"BreadcrumbList","@id":"https:\/\/revontultenmaanklapi.fi\/index.php\/tilaa\/#breadcrumb","itemListElement":[{"@type":"ListItem","position":1,"name":"Etusivu","item":"https:\/\/revontultenmaanklapi.fi\/"},{"@type":"ListItem","position":2,"name":"Tilaa polttopuut"}]},{"@type":"WebSite","@id":"https:\/\/revontultenmaanklapi.fi\/#website","url":"https:\/\/revontultenmaanklapi.fi\/","name":"","description":"","publisher":{"@id":"https:\/\/revontultenmaanklapi.fi\/#organization"},"potentialAction":[{"@type":"SearchAction","target":{"@type":"EntryPoint","urlTemplate":"https:\/\/revontultenmaanklapi.fi\/?s={search_term_string}"},"query-input":{"@type":"PropertyValueSpecification","valueRequired":true,"valueName":"search_term_string"}}],"inLanguage":"fi"},{"@type":"Organization","@id":"https:\/\/revontultenmaanklapi.fi\/#organization","name":"Revontultenmaan klapi","alternateName":"RTMK","url":"https:\/\/revontultenmaanklapi.fi\/","logo":{"@type":"ImageObject","inLanguage":"fi","@id":"https:\/\/revontultenmaanklapi.fi\/#\/schema\/logo\/image\/","url":"https:\/\/revontultenmaanklapi.fi\/wp-content\/uploads\/2023\/10\/cropped-RTMK-01-2.jpg","contentUrl":"https:\/\/revontultenmaanklapi.fi\/wp-content\/uploads\/2023\/10\/cropped-RTMK-01-2.jpg","width":283,"height":250,"caption":"Revontultenmaan klapi"},"image":{"@id":"https:\/\/revontultenmaanklapi.fi\/#\/schema\/logo\/image\/"},"sameAs":["https:\/\/www.facebook.com\/profile.php?id=100092499985640"]}]}},"_links":{"self":[{"href":"https:\/\/revontultenmaanklapi.fi\/index.php\/wp-json\/wp\/v2\/pages\/146","targetHints":{"allow":["GET"]}}],"collection":[{"href":"https:\/\/revontultenmaanklapi.fi\/index.php\/wp-json\/wp\/v2\/pages"}],"about":[{"href":"https:\/\/revontultenmaanklapi.fi\/index.php\/wp-json\/wp\/v2\/types\/page"}],"author":[{"embeddable":true,"href":"https:\/\/revontultenmaanklapi.fi\/index.php\/wp-json\/wp\/v2\/users\/1"}],"replies":[{"embeddable":true,"href":"https:\/\/revontultenmaanklapi.fi\/index.php\/wp-json\/wp\/v2\/comments?post=146"}],"version-history":[{"count":6,"href":"https:\/\/revontultenmaanklapi.fi\/index.php\/wp-json\/wp\/v2\/pages\/146\/revisions"}],"predecessor-version":[{"id":174,"href":"https:\/\/revontultenmaanklapi.fi\/index.php\/wp-json\/wp\/v2\/pages\/146\/revisions\/174"}],"wp:attachment":[{"href":"https:\/\/revontultenmaanklapi.fi\/index.php\/wp-json\/wp\/v2\/media?parent=146"}],"curies":[{"name":"wp","href":"https:\/\/api.w.org\/{rel}","templated":true}]}}